{"id":1365,"date":"2020-01-10T16:13:39","date_gmt":"2020-01-10T14:13:39","guid":{"rendered":"http:\/\/angelverein-verl-suerenheide.de\/?page_id=1365"},"modified":"2020-01-10T16:48:31","modified_gmt":"2020-01-10T14:48:31","slug":"vereinsleben-und-co","status":"publish","type":"page","link":"https:\/\/angelverein-verl-suerenheide.de\/?page_id=1365","title":{"rendered":"Vereinsleben und Co"},"content":{"rendered":"\n<p>Nat\u00fcrlich ist man Mitglied im Angelverein um zu angeln bzw. um die Gew\u00e4sser des Angelvereins zu nutzen. Aber die Mitgliedschaft in einem Verein bietet noch mehr. Hier ein kleiner Einblick in unser Vereinsleben und die M\u00f6glichkeit sich zu engagieren<\/p>\n\n\n\n<p class=\"has-medium-font-size\">Gemeinschaftliches Angeln<\/p>\n\n\n\n<p>8 bis 9 mal im Jahr treffen wir uns zum gemeinschaftlichen Angeln an unserem Gew\u00e4ssern. Hier hat man die M\u00f6glichkeit mit alten und neuen Freunden zu angeln und sein Wissen zu vertiefen. Neben dem Angeln kommt nat\u00fcrlich auch das gesellige Beisammensein nicht zu kurz. Dank unserem Festausschuss gibt es anschlie\u00dfend immer gen\u00fcgend Essen und Getr\u00e4nke<\/p>\n\n\n\n<figure class=\"wp-block-image size-large\"><img loading=\"lazy\" decoding=\"async\" width=\"768\" height=\"1024\" src=\"http:\/\/angelverein-verl-suerenheide.de\/wp-content\/uploads\/2019\/07\/IMG_3246-e1562583348107-768x1024.jpg\" alt=\"\" class=\"wp-image-1200\" srcset=\"https:\/\/angelverein-verl-suerenheide.de\/wp-content\/uploads\/2019\/07\/IMG_3246-e1562583348107-768x1024.jpg 768w, https:\/\/angelverein-verl-suerenheide.de\/wp-content\/uploads\/2019\/07\/IMG_3246-e1562583348107-225x300.jpg 225w, https:\/\/angelverein-verl-suerenheide.de\/wp-content\/uploads\/2019\/07\/IMG_3246-e1562583348107-960x1280.jpg 960w, https:\/\/angelverein-verl-suerenheide.de\/wp-content\/uploads\/2019\/07\/IMG_3246-e1562583348107.jpg 1512w\" sizes=\"auto, (max-width: 768px) 100vw, 768px\" \/><figcaption>Nachtangeln Bentfeld 6.\/7. Juni 2019<\/figcaption><\/figure>\n\n\n\n<p class=\"has-medium-font-size\">Hege und Pflege, Gemeinschaftliche Arbeitsdienste<\/p>\n\n\n\n<p>Zu den Aufgaben eines Angelvereins geh\u00f6rt auch die Hege und Pflege der Gew\u00e4sser. 6-7 im Jahr treffen wir uns zu den Arbeitsdiensten. Dann hei\u00dft es Gr\u00fcn und Holz entfernen, Angelpl\u00e4tze frei schneiden, Zandernester reinigen und was sonst noch so anf\u00e4llt.<\/p>\n\n\n\n<figure class=\"wp-block-image size-large\"><img loading=\"lazy\" decoding=\"async\" width=\"1024\" height=\"683\" src=\"http:\/\/angelverein-verl-suerenheide.de\/wp-content\/uploads\/2019\/06\/PICT0002-3-1024x683.jpg\" alt=\"\" class=\"wp-image-1101\" srcset=\"https:\/\/angelverein-verl-suerenheide.de\/wp-content\/uploads\/2019\/06\/PICT0002-3-1024x683.jpg 1024w, https:\/\/angelverein-verl-suerenheide.de\/wp-content\/uploads\/2019\/06\/PICT0002-3-300x200.jpg 300w, https:\/\/angelverein-verl-suerenheide.de\/wp-content\/uploads\/2019\/06\/PICT0002-3-768x512.jpg 768w, https:\/\/angelverein-verl-suerenheide.de\/wp-content\/uploads\/2019\/06\/PICT0002-3-960x640.jpg 960w\" sizes=\"auto, (max-width: 1024px) 100vw, 1024px\" \/><figcaption>Arbeitsdienst<\/figcaption><\/figure>\n\n\n\n<p class=\"has-medium-font-size\">Ausbildung und Jugendarbeit<\/p>\n\n\n\n<p>Jeder f\u00e4ngt mal klein an, daher liegt uns die Jugend und die Vermittlung der anglerischen F\u00e4higkeiten besonders am Herzen. Zus\u00e4tzlich f\u00fchrt unser Verein zweimal j\u00e4hrlich einen Vorbereitungskurs f\u00fcr die Sportfischerpr\u00fcpfung durch. <\/p>\n\n\n\n<figure class=\"wp-block-image size-large\"><img loading=\"lazy\" decoding=\"async\" width=\"1024\" height=\"768\" src=\"http:\/\/angelverein-verl-suerenheide.de\/wp-content\/uploads\/2017\/09\/IMG-20170919-WA0001-1024x768.jpg\" alt=\"\" class=\"wp-image-374\" srcset=\"https:\/\/angelverein-verl-suerenheide.de\/wp-content\/uploads\/2017\/09\/IMG-20170919-WA0001-1024x768.jpg 1024w, https:\/\/angelverein-verl-suerenheide.de\/wp-content\/uploads\/2017\/09\/IMG-20170919-WA0001-300x225.jpg 300w, https:\/\/angelverein-verl-suerenheide.de\/wp-content\/uploads\/2017\/09\/IMG-20170919-WA0001-768x576.jpg 768w, https:\/\/angelverein-verl-suerenheide.de\/wp-content\/uploads\/2017\/09\/IMG-20170919-WA0001-619x464.jpg 619w, https:\/\/angelverein-verl-suerenheide.de\/wp-content\/uploads\/2017\/09\/IMG-20170919-WA0001.jpg 1280w\" sizes=\"auto, (max-width: 1024px) 100vw, 1024px\" \/><figcaption>Jugendangeln der IG am Kanal<\/figcaption><\/figure>\n\n\n\n<p class=\"has-medium-font-size\">Gew\u00e4sserkontrolleure<\/p>\n\n\n\n<p>Unsere Gew\u00e4sserkontrolleure passen auf, dass an unseren Gew\u00e4ssern alles mit rechten Dingen zugeht. Die Kontrolleure d\u00fcrfen jeden, der gerade das Angeln aus\u00fcbt oder der sich mit fangfertigem Fischereiger\u00e4t am Gew\u00e4sser aufh\u00e4lt, kontrollieren. Bei der Kontrolle muss der Gew\u00e4sserkontrolleur sich zu erkennen geben. Unsere Kontrolleure sind in der Regel zu Zweit unterwegs und leisten einen wichtigen Beitrag f\u00fcr den Verein, da es leider immer wieder Schwarzangler und schwarze Schafe gibt.<\/p>\n\n\n\n<figure class=\"wp-block-image size-large\"><img loading=\"lazy\" decoding=\"async\" width=\"768\" height=\"1024\" src=\"http:\/\/angelverein-verl-suerenheide.de\/wp-content\/uploads\/2019\/07\/img_1154-768x1024.jpg\" alt=\"\" class=\"wp-image-1280\" srcset=\"https:\/\/angelverein-verl-suerenheide.de\/wp-content\/uploads\/2019\/07\/img_1154-768x1024.jpg 768w, https:\/\/angelverein-verl-suerenheide.de\/wp-content\/uploads\/2019\/07\/img_1154-225x300.jpg 225w, https:\/\/angelverein-verl-suerenheide.de\/wp-content\/uploads\/2019\/07\/img_1154-960x1280.jpg 960w\" sizes=\"auto, (max-width: 768px) 100vw, 768px\" \/><figcaption>Leider sto\u00dfen unsere Kontrolleure auch immer wieder auf viel Unrat am See<\/figcaption><\/figure>\n\n\n\n<p class=\"has-medium-font-size\">Fischbesatz<\/p>\n\n\n\n<p>Die meisten unsere Gew\u00e4sser sind Abgrabungsgew\u00e4sser ohne nat\u00fcrlichen Fischbestand. Der Fischbestand wird von unseren Gew\u00e4sserwarten in Zusammenarbeit mit dem Landesfischereiverband geplant und auch kontrolliert. <\/p>\n\n\n\n<p>Seit einigen Jahren wird die Diskussion um Fischbesatz auch in unserem Verein vielfach stark emotional gef\u00fchrt. Hinzu kommt die starke Fischentnahme durch den Kormoran, der sich zu einer waren Plage entwickelt hat.<\/p>\n\n\n\n<p>Dem Verein obliegt die Hegeverpflichtung in den Gew\u00e4ssern, in denen er die  Fischereirechte gepachtet hat. Hege bedeutet, dass der Verein verpflichtet ist, einen  der Gr\u00f6\u00dfe und Beschaffenheit des Gew\u00e4ssers entsprechenden artenreichen  heimischen Fischbestand zu erhalten (\u00a7 3 Absatz 2 Satz 1 LFischG). <\/p>\n\n\n\n<p>K\u00fcnstlicher Besatz ist in der Regel nur zul\u00e4ssig<\/p>\n\n\n\n<ul class=\"wp-block-list\"><li>zum Ausgleich bei beeintr\u00e4chtigter nat\u00fcrlicher Fortpflanzung einer Fischart,<\/li><li>zur Wiederansiedlung urspr\u00fcnglicher heimischer Fischarten<\/li><li>nach Fischsterben,<\/li><li>zum Erstbesatz in neu geschaffenen Gew\u00e4ssern<\/li><\/ul>\n\n\n\n<p>Es m\u00fcssen heimische Fischarten sein. Der Besatz mit nichtheimischen Fischarten ist verboten (\u00a7 14 Absatz 1 Satz 1 LFischVO). Ausgenommen davon ist der Besatz mit Regenbogenforellen in stehende Gew\u00e4ssert (\u00a7 14 Absatz 1 Satz 2 LFischVO), wenn ein Besatzgrund vorliegt.<\/p>\n\n\n\n<p>Daran k\u00f6nnt Ihr erkennen, dass es gar nicht so einfach ist, den Fischbesatz zu planen und allen W\u00fcnschen gerecht zu werden.<\/p>\n\n\n\n<figure class=\"wp-block-image size-large\"><img loading=\"lazy\" decoding=\"async\" width=\"768\" height=\"1024\" src=\"http:\/\/angelverein-verl-suerenheide.de\/wp-content\/uploads\/2019\/07\/img_1185-768x1024.jpg\" alt=\"\" class=\"wp-image-1276\" srcset=\"https:\/\/angelverein-verl-suerenheide.de\/wp-content\/uploads\/2019\/07\/img_1185-768x1024.jpg 768w, https:\/\/angelverein-verl-suerenheide.de\/wp-content\/uploads\/2019\/07\/img_1185-225x300.jpg 225w, https:\/\/angelverein-verl-suerenheide.de\/wp-content\/uploads\/2019\/07\/img_1185-960x1280.jpg 960w\" sizes=\"auto, (max-width: 768px) 100vw, 768px\" \/><figcaption>Fischbesatz<\/figcaption><\/figure>\n\n\n\n<p class=\"has-medium-font-size\">Festausschuss und Helfer<\/p>\n\n\n\n<p>Zum Ende eines gemeinschaftlichen Angelns freuen sich die meisten schon auf etwas warmes zu Essen oder ein k\u00fchles Getr\u00e4nk.  Auch gibt es fast nichts sch\u00f6neres als ein warmer Eintopf nach einem durchregneten Nachtangeln. Um all diese kleinen Annehmlichkeiten k\u00fcmmert sich der Festausschuss und seine Helfer.  <\/p>\n\n\n\n<figure class=\"wp-block-image size-large\"><img loading=\"lazy\" decoding=\"async\" width=\"768\" height=\"1024\" src=\"http:\/\/angelverein-verl-suerenheide.de\/wp-content\/uploads\/2019\/12\/img_3610-768x1024.jpg\" alt=\"\" class=\"wp-image-1335\" srcset=\"https:\/\/angelverein-verl-suerenheide.de\/wp-content\/uploads\/2019\/12\/img_3610-768x1024.jpg 768w, https:\/\/angelverein-verl-suerenheide.de\/wp-content\/uploads\/2019\/12\/img_3610-225x300.jpg 225w, https:\/\/angelverein-verl-suerenheide.de\/wp-content\/uploads\/2019\/12\/img_3610-960x1280.jpg 960w\" sizes=\"auto, (max-width: 768px) 100vw, 768px\" \/><figcaption>Ein Gru\u00df vom Nikolaus<\/figcaption><\/figure>\n\n\n\n<p class=\"has-medium-font-size\">Vorstand<\/p>\n\n\n\n<p>Zu einem Verein unserer Gr\u00f6\u00dfe, geh\u00f6rt nat\u00fcrlich auch ein gesch\u00e4ftsf\u00fchrender und erweiterter Vorstand. Der Vorstand trifft sich in der  Regel alle 4 Wochen um aktuelle Themen und Vorg\u00e4nge zu besprechen. Zus\u00e4tzlich kommt je nach Funktion und Aufgabe weitere zeitlicher Aufwand oben drauf. Folgende Funktionen gibt es zur Zeit bei uns im Verein:<\/p>\n\n\n\n<ol class=\"wp-block-list\"><li>Erster und Zweiter Vorsitzender<\/li><li>Gesch\u00e4ftsf\u00fchrer<\/li><li>Erster und Zweiter Kassierer<\/li><li>Drei Gew\u00e4sserwarte<\/li><li>Schriftf\u00fchrer<\/li><li>Drei Veranstaltungsleiter<\/li><li>Zwei Jugendwarte<\/li><li>Vorsitzender des Festausschusses<\/li><li>Obmann f\u00fcr \u00d6ffentlichkeitsarbeit<\/li><\/ol>\n\n\n\n<figure class=\"wp-block-image size-large\"><img loading=\"lazy\" decoding=\"async\" width=\"1024\" height=\"768\" src=\"http:\/\/angelverein-verl-suerenheide.de\/wp-content\/uploads\/2019\/01\/Vorstand-1024x768.jpg\" alt=\"\" class=\"wp-image-882\" srcset=\"https:\/\/angelverein-verl-suerenheide.de\/wp-content\/uploads\/2019\/01\/Vorstand-1024x768.jpg 1024w, https:\/\/angelverein-verl-suerenheide.de\/wp-content\/uploads\/2019\/01\/Vorstand-300x225.jpg 300w, https:\/\/angelverein-verl-suerenheide.de\/wp-content\/uploads\/2019\/01\/Vorstand-768x576.jpg 768w, https:\/\/angelverein-verl-suerenheide.de\/wp-content\/uploads\/2019\/01\/Vorstand-960x720.jpg 960w\" sizes=\"auto, (max-width: 1024px) 100vw, 1024px\" \/><figcaption>Der Vorstand 2019<\/figcaption><\/figure>\n\n\n\n<p class=\"has-medium-font-size\">Dorfleben<\/p>\n\n\n\n<p>Als Teil des Vereinslebens in Verl und insbesondere des Ortsteils S\u00fcrenheide, nehmen wir nat\u00fcrlich auch am Dorfleben teil.<\/p>\n\n\n\n<p>So beteiligt sich unserer Verein z.B. am j\u00e4hrlichen Maibaum aufstellen und am Weihnachtsmarkt in S\u00fcrenheide.<\/p>\n\n\n\n<figure class=\"wp-block-image size-large\"><img loading=\"lazy\" decoding=\"async\" width=\"576\" height=\"1024\" src=\"http:\/\/angelverein-verl-suerenheide.de\/wp-content\/uploads\/2019\/05\/Mai19Baum-576x1024.jpg\" alt=\"\" class=\"wp-image-1036\" srcset=\"https:\/\/angelverein-verl-suerenheide.de\/wp-content\/uploads\/2019\/05\/Mai19Baum-576x1024.jpg 576w, https:\/\/angelverein-verl-suerenheide.de\/wp-content\/uploads\/2019\/05\/Mai19Baum-169x300.jpg 169w, https:\/\/angelverein-verl-suerenheide.de\/wp-content\/uploads\/2019\/05\/Mai19Baum-768x1365.jpg 768w, https:\/\/angelverein-verl-suerenheide.de\/wp-content\/uploads\/2019\/05\/Mai19Baum.jpg 900w\" sizes=\"auto, (max-width: 576px) 100vw, 576px\" \/><figcaption>Maibaum S\u00fcrenheide<\/figcaption><\/figure>\n\n\n\n<p class=\"has-medium-font-size\">Stammtisch<\/p>\n\n\n\n<p>Um die Gemeinschaft und das Vereinsleben zu f\u00f6rdern, gibt es einen regelm\u00e4\u00dfigen Stammtisch vom Verein. Dort wird gekl\u00f6nt und Erfahrungen ausgetauscht. Der Stammtisch findet in der Regel alle 4 Wochen am letzten Mittwoch im Monat um 19:30 Uhr im Gasthof Menning statt.<\/p>\n\n\n\n<figure class=\"wp-block-image size-large\"><img loading=\"lazy\" decoding=\"async\" width=\"570\" height=\"630\" src=\"http:\/\/angelverein-verl-suerenheide.de\/wp-content\/uploads\/2018\/11\/img_2170.jpg\" alt=\"\" class=\"wp-image-778\" srcset=\"https:\/\/angelverein-verl-suerenheide.de\/wp-content\/uploads\/2018\/11\/img_2170.jpg 570w, https:\/\/angelverein-verl-suerenheide.de\/wp-content\/uploads\/2018\/11\/img_2170-271x300.jpg 271w\" sizes=\"auto, (max-width: 570px) 100vw, 570px\" \/><figcaption>Stammtisch<\/figcaption><\/figure>\n\n\n\n<p> <\/p>\n","protected":false},"excerpt":{"rendered":"<p>Nat\u00fcrlich ist man Mitglied im Angelverein um zu angeln bzw. um die Gew\u00e4sser des Angelvereins zu nutzen. Aber die Mitgliedschaft in einem Verein bietet noch mehr. Hier ein kleiner Einblick in unser Vereinsleben und die M\u00f6glichkeit sich zu engagieren Gemeinschaftliches Angeln 8 bis 9 mal im Jahr treffen wir uns zum gemeinschaftlichen Angeln an unserem <a href=\"https:\/\/angelverein-verl-suerenheide.de\/?page_id=1365\" class=\"more-link\">...weiterlesen<span class=\"screen-reader-text\"> \"Vereinsleben und Co\"<\/span><\/a><\/p>\n","protected":false},"author":1,"featured_media":0,"parent":0,"menu_order":0,"comment_status":"closed","ping_status":"closed","template":"","meta":{"jetpack_post_was_ever_published":false,"footnotes":""},"class_list":["post-1365","page","type-page","status-publish","h-entry","hentry","h-as-page"],"jetpack_sharing_enabled":true,"jetpack_shortlink":"https:\/\/wp.me\/P8Yuus-m1","_links":{"self":[{"href":"https:\/\/angelverein-verl-suerenheide.de\/index.php?rest_route=\/wp\/v2\/pages\/1365","targetHints":{"allow":["GET"]}}],"collection":[{"href":"https:\/\/angelverein-verl-suerenheide.de\/index.php?rest_route=\/wp\/v2\/pages"}],"about":[{"href":"https:\/\/angelverein-verl-suerenheide.de\/index.php?rest_route=\/wp\/v2\/types\/page"}],"author":[{"embeddable":true,"href":"https:\/\/angelverein-verl-suerenheide.de\/index.php?rest_route=\/wp\/v2\/users\/1"}],"replies":[{"embeddable":true,"href":"https:\/\/angelverein-verl-suerenheide.de\/index.php?rest_route=%2Fwp%2Fv2%2Fcomments&post=1365"}],"version-history":[{"count":16,"href":"https:\/\/angelverein-verl-suerenheide.de\/index.php?rest_route=\/wp\/v2\/pages\/1365\/revisions"}],"predecessor-version":[{"id":1385,"href":"https:\/\/angelverein-verl-suerenheide.de\/index.php?rest_route=\/wp\/v2\/pages\/1365\/revisions\/1385"}],"wp:attachment":[{"href":"https:\/\/angelverein-verl-suerenheide.de\/index.php?rest_route=%2Fwp%2Fv2%2Fmedia&parent=1365"}],"curies":[{"name":"wp","href":"https:\/\/api.w.org\/{rel}","templated":true}]}}